{"id":333,"date":"2024-03-19T00:25:12","date_gmt":"2024-03-18T23:25:12","guid":{"rendered":"http:\/\/anetapliszka.com\/?page_id=333"},"modified":"2024-04-05T00:25:19","modified_gmt":"2024-04-04T22:25:19","slug":"wystawy","status":"publish","type":"page","link":"https:\/\/anetapliszka.com\/index.php\/wystawy\/","title":{"rendered":"Wystawy"},"content":{"rendered":"\n<h1 class=\"wp-block-heading\"><strong>Aneta Pliszka<\/strong><\/h1>\n\n\n\n<p><strong>Wystawy indywidualne:<\/strong><\/p>\n\n\n\n<p>2002 &#8211; Grafika i rysunek \u2013 Galeria ES \u2013 Mi\u0119dzyrzec Podlaski<br>2006 &#8211; Grafika, rysunek, fotografia \u2013 Galeria TDK Tarnobrzeg<br>2009 &#8211; Grafika &#8211; Arboretum i Zak\u0142ad Fizjografii \u2013 Galeria u Piotra Micha\u0142owskiego \u2013 Bolestraszyce<br>2011 &#8211; Grafika i rysunek &#8211; Galeria ES \u2013 Mi\u0119dzyrzec Podlaski<br>2011 &#8211; Grafika i rysunek &#8211; Centrum Kultury \u2013 Grodzisk Mazowiecki<br>2011 &#8211; Grafika i rysunek &#8211; Salon Muzyczny \u2013 \u017byrard\u00f3w<br>2013 &#8211; Grafika &#8211; Galeria \u201ePod Sztrychem\u201d \u2013 Bytom<br>2015 &#8211; Grafika &#8211; Galeria TDK Tarnobrzeg<br>2017 &#8211; Grafika &#8211; BWA Kielce<br>2018 &#8211; Grafika &#8211; Galeria teatralna. Centrum Kultury i Sztuki \u2013 Siedlce<br>2019- Grafika &#8211; Galeria Podlaska- Bia\u0142a Podlaska<\/p>\n\n\n\n<p><strong>Wystawy zbiorowe:<\/strong><\/p>\n\n\n\n<p>1997 &#8211;\u00a0 Jan\u00f3w Podlaski \u2013 Plener \u201ePolonia 2OOO\u201d &#8211; rysunek<br>1997 &#8211;\u00a0 Mi\u0119dzyrzec Podlaski Galeria ES \u2013 Plener artystyczny \u201eKode\u0144 97\u201d- malarstwo<br>1999 &#8211;\u00a0 \u0141uk\u00f3w Galeria PROwizorium &#8211; grafika<br>1999 &#8211;\u00a0 Lublin Galeria ACK UMCS Plener \u201eSandomierz 99\u201d &#8211; malarstwo<br>2000 &#8211;\u00a0 Antibes (Francja) \u2013 Plener artystyczny &#8211; malarstwo<br>2000 &#8211;\u00a0 Mi\u0119dzyrzec Podlaski Galeria ES -\u201ePrezentacje &#8211; Konfrontacje II\u201d- rysunek<br>2002 &#8211;\u00a0 Lublin Galeria ACK UMCS &#8211; rysunek<br>2004 &#8211;\u00a0 Mi\u0119dzyrzec Podlaski Galeria ES &#8211; IV Og\u00f3lnopolski Plener Malarski \u201eKrzymoszyce 04\u201d<br>2005 &#8211;\u00a0 Lublin Muzeum UMCS &#8211; Dyplomy Pracowni Druku Wypuk\u0142ego<br>2006 &#8211;\u00a0 Tarnobrzeg &#8211; IX Plener Artystyczny \u201eWiklin\u0105 i na papierze\u201d- rysunek<br>2007 &#8211;\u00a0 Lublin Galeria ACK UMCS \u201eO obrazach we wsp\u00f3\u0142czesnej kulturze\u201d- malarstwo<br>2007 &#8211;\u00a0 Mi\u0119dzyrzec Podlaski Galeria ES -\u201ePrezentacje &#8211; Konfrontacje III\u201d &#8211; malarstwo<br>2007 &#8211;\u00a0 Mi\u0119dzyrzec Podlaski Galeria ES -VII Og\u00f3lnopolski Plener Malarski \u201eMi\u0119dzyrzec Podlaski &#8211; Dan\u00f3wka 2007\u201d- malarstwo<br>2008 &#8211; Arboretum i Zak\u0142ad Fizjografii Bolestraszyce -VII Mi\u0119dzynarodowy Plener Artystyczny \u201eWiklina w Arboretum\u201d- obiekt przestrzenny.<br>2009\u00a0 &#8211; Arboretum i Zak\u0142ad Fizjografii Bolestraszyce Galeria u Piotra -XI Mi\u0119dzynarodowy Plener Malarski \u00a0\u00a0\u201eTarnobrzeg \u2013 Bolestraszyce &#8211; malarstwo\u00a0<br>2010\u00a0 &#8211; Arboretum i Zak\u0142ad Fizjografii Bolestraszyce &#8211; V Seminarium Naukowe \u201eNATURA- KULTURA\u201d<br>2010\u00a0 &#8211; Mi\u0119dzyrzec Podlaski Galeria ES &#8211; \u201ePrezentacje &#8211; Konfrontacje IV\u201d- grafika<br>2010 &#8211;\u00a0 Arboretum i Zak\u0142ad Fizjografii Bolestraszyce &#8211; IX Mi\u0119dzynarodowy Plener Artystyczny \u201eWiklina w Arboretu po\u0142\u0105czony z XIII Triennale Tkaniny Artystycznej w \u0141odzi &#8211; obiekt przestrzenny.<br>2011 &#8211;\u00a0 Arboretum i Zak\u0142ad Fizjografii Bolestraszyce -VI Seminarium Naukowe \u201eNATURA-KULTURA\u201d<br>2011 &#8211;\u00a0 Arboretum i Zak\u0142ad Fizjografii Bolestraszyce &#8211; X Mi\u0119dzynarodowy Plener Artystyczny \u201eWiklina w Arboretum\u201d- obiekt przestrzenny.<br>2012 &#8211;\u00a0 Arboretum i Zak\u0142ad Fizjografii w Bolestraszycach -VII Seminarium Naukowe \u201eNATURA- KULTURA\u201d<br>2012 &#8211;\u00a0 Arboretum i Zak\u0142ad Fizjografii Bolestraszyce &#8211; X Mi\u0119dzynarodowyPlener Wikliniarsko &#8211; Malarski p.h. \u201eTOLERANCJA\u201d- obiekt przestrzenny.<br>2012 &#8211;\u00a0 Lublin Galeria Gardzienice &#8211; \u201e\u2026z wikliny\u201d- obiekt przestrzenny.\u00a0\u00a0 <br>2012 &#8211;\u00a0 Krak\u00f3w Galeria Labirynt &#8211; X Mi\u0119dzynarodowy Plener Wikliniarsko-Malarski \u00a0p.h. \u201eTOLERANCJA\u201d- obiekt przestrzenny.\u00a0\u00a0 <br>2013 &#8211;\u00a0 Kielce BWA, Tarnobrzeg TDK &#8211; X Mi\u0119dzynarodowy Plener Wikliniarsko-Malarski pod has\u0142em \u201eTOLERANCJA\u201d- obiekt przestrzenny.<br>2013 &#8211;\u00a0 Arboretum i Zak\u0142ad Fizjografii Bolestraszyce -VIII Seminarium Naukowe \u201eNATURA-KULTURA\u201d<br>2013 &#8211;\u00a0 Arboretum i Zak\u0142ad Fizjografii Bolestraszyce &#8211; XI Mi\u0119dzynarodowy Plener Artystyczny\u00a0\u201eWiklina w Arboretum\u201dp.h. \u201ePo\u0142\u0105czenia\u201d. Impreza towarzysz\u0105ca XIV Mi\u0119dzynarodowemu Triennale Tkaniny &#8211; \u0141\u00f3d\u017a 2013 &#8211; obiekt przestrzenny.<br>2014 &#8211;\u00a0 Arboretum i Zak\u0142ad Fizjografii Bolestraszyce &#8211; IX Seminarium Naukowe \u201eNATURA-KULTURA\u201d2014 &#8211;\u00a0 Arboretum i Zak\u0142ad Fizjografii Bolestraszyce &#8211; Warsztaty Artystyczne &#8211; \u201eBlisko Natury\u201d,XII Mi\u0119dzynarodowy Plener Artystyczny \u201eWiklina w Arboretum\u201d- obiekt przestrzenny.\u00a0\u00a0 <br>2015 &#8211;\u00a0 Arboretum i Zak\u0142ad Fizjografii Bolestraszyce &#8211; X Seminarium Naukowe \u201eNATURA-KULTURA\u201d, Konferencja Naukowa dotycz\u0105ca dzia\u0142alno\u015bci Arboretum w Bolestraszycach.<br>2015 &#8211;\u00a0 Arboretum i Zak\u0142ad Fizjografii Bolestraszyce Galeria u Piotra -\u201eInterpretacje przestrzeni\u201d \u2013 wystawa prac pedagog\u00f3w uczelni Artystycznych &#8211; grafika.<br>2015 &#8211; Plater\u00f3w -X Mi\u0119dzynarodowy Plener Artystyczny &#8211; grafika, ceramika.<br>2015 &#8211; Arboretum i Zak\u0142ad Fizjografii Bolestraszyce &#8211; XIII Mi\u0119dzynarodowy Plener Artystyczny \u201eWiklina w Arboretum\u201d- obiekt przestrzenny.<br>2016 &#8211;\u00a0 Arboretum i Zak\u0142ad Fizjografii Bolestraszyce &#8211; XI Seminarium Naukowe \u201eNATURA-KULTURA\u201d, Galeria u Piotra &#8211; \u201eInterpretacje przestrzeni\u201d &#8211; wystawa prac pedagog\u00f3w uczelni artystycznych \u2013 grafika.<br>2016 &#8211; Bia\u0142a Podlaska Park Sztuki &#8211; obiekt przestrzenny, wiklina.<br>2016 &#8211; Arboretum i Zak\u0142ad Fizjografii Bolestraszyce Galeria u Piotra -Triennale tkaniny- obiekt przestrzenny.<br>2016 &#8211; Rzesz\u00f3w BWA &#8211; Triennale tkaniny- obiekt przestrzenny.<br>2016 &#8211; Arboretum i Zak\u0142ad Fizjografii Bolestraszyce &#8211; XIV Mi\u0119dzynarodowy Plener Artystyczny \u201eWiklina w Arboretum\u201d- obiekt przestrzenny.<br>2017- Arboretum i Zak\u0142ad Fizjografii w Bolestraszyce &#8211; XII Seminarium Naukowe \u201eNATURA-KULTURA, \u201eInterpretacje przestrzeni\u201d &#8211; wystawa prac pedagog\u00f3w uczelni artystycznych &#8211; grafika.<br>2017 &#8211; Snina (S\u0142owacja) Zamek &#8211; Sztuka polska. Arty\u015bci w kr\u0119gu Arboretum &#8211; grafika.<br>2017 &#8211; Arboretum i Zak\u0142ad Fizjografii Bolestraszyce &#8211; XV Mi\u0119dzynarodowy Plener Artystyczny \u201eWiklina w Arboretum\u201d- obiekt przestrzenny.<br>2017 &#8211; Chlewiska Dom Pracy Tw\u00f3rczej &#8222;Reymont\u00f3wka&#8221;- Mi\u0119dzynarodowy Plener Malarski &#8222;Sztuka bez granic &#8211; Jesienny pejza\u017c Mazowsza&#8221;- grafika.<br>2018 &#8211; Arboretum i Zak\u0142ad Fizjografii w Bolestraszyce &#8211; XIII Seminarium Naukowe \u201eNATURA-KULTURA, \u201eInterpretacje przestrzeni\u201d &#8211; wystawa prac pedagog\u00f3w uczelni artystycznych- grafika.<br>2021 &#8211; Arboretum i Zak\u0142ad Fizjografii w Bolestraszyce &#8211; XV Seminarium Naukowe ,,NATURA-KULTURA, ,,Interpretacje przestrzeni&#8221; &#8211; wystawa prac pedagog\u00f3w uczelni artystycznych &#8211; grafika.\u00a0\u00a0\u00a0\u00a0\u00a0\u00a0\u00a0\u00a0\u00a0\u00a0\u00a0\u00a0\u00a0\u00a0\u00a0\u00a0\u00a0\u00a0\u00a0\u00a0\u00a0\u00a0\u00a0\u00a0<br>2022 &#8211; Arboretum i Zak\u0142ad Fizjografii w Bolestraszyce &#8211; XVI Seminarium Naukowe ,,NATURA-KULTURA, ,,Interpretacje przestrzeni&#8221; &#8211; wystawa prac pedagog\u00f3w uczelni artystycznych &#8211; grafika.<br>2023 &#8211; Bu\u0142garski Instytut Kultury &#8211; Warszawa &#8211; wystawa mi\u0119dzynarodowa ECO ART &#8211; grafika; Bu\u0142garia &#8211; Sofia.<\/p>\n","protected":false},"excerpt":{"rendered":"<p>Aneta Pliszka Wystawy indywidualne: 2002 &#8211; Grafika i rysunek \u2013 Galeria ES \u2013 Mi\u0119dzyrzec Podlaski2006 &#8211; Grafika, rysunek, fotografia \u2013 Galeria TDK Tarnobrzeg2009 &#8211; Grafika &#8211; Arboretum i Zak\u0142ad Fizjografii \u2013 Galeria u Piotra Micha\u0142owskiego \u2013 Bolestraszyce2011 &#8211; Grafika i rysunek &#8211; Galeria ES \u2013 Mi\u0119dzyrzec Podlaski2011 &#8211; Grafika i rysunek &#8211; Centrum Kultury \u2013 [&hellip;]<\/p>\n","protected":false},"author":1,"featured_media":0,"parent":0,"menu_order":0,"comment_status":"closed","ping_status":"closed","template":"","meta":{"footnotes":""},"class_list":["post-333","page","type-page","status-publish","hentry"],"_links":{"self":[{"href":"https:\/\/anetapliszka.com\/index.php\/wp-json\/wp\/v2\/pages\/333","targetHints":{"allow":["GET"]}}],"collection":[{"href":"https:\/\/anetapliszka.com\/index.php\/wp-json\/wp\/v2\/pages"}],"about":[{"href":"https:\/\/anetapliszka.com\/index.php\/wp-json\/wp\/v2\/types\/page"}],"author":[{"embeddable":true,"href":"https:\/\/anetapliszka.com\/index.php\/wp-json\/wp\/v2\/users\/1"}],"replies":[{"embeddable":true,"href":"https:\/\/anetapliszka.com\/index.php\/wp-json\/wp\/v2\/comments?post=333"}],"version-history":[{"count":3,"href":"https:\/\/anetapliszka.com\/index.php\/wp-json\/wp\/v2\/pages\/333\/revisions"}],"predecessor-version":[{"id":544,"href":"https:\/\/anetapliszka.com\/index.php\/wp-json\/wp\/v2\/pages\/333\/revisions\/544"}],"wp:attachment":[{"href":"https:\/\/anetapliszka.com\/index.php\/wp-json\/wp\/v2\/media?parent=333"}],"curies":[{"name":"wp","href":"https:\/\/api.w.org\/{rel}","templated":true}]}}