{"id":212,"date":"2024-03-15T00:12:24","date_gmt":"2024-03-14T23:12:24","guid":{"rendered":"http:\/\/anetapliszka.com\/?page_id=212"},"modified":"2024-03-20T12:36:46","modified_gmt":"2024-03-20T11:36:46","slug":"teksty","status":"publish","type":"page","link":"https:\/\/anetapliszka.com\/index.php\/teksty\/","title":{"rendered":"Teksty"},"content":{"rendered":"\n<div style=\"height:100px\" aria-hidden=\"true\" class=\"wp-block-spacer\"><\/div>\n\n\n<ul style=\"font-size:18px;\" class=\"wp-block-latest-posts__list wp-block-latest-posts\"><li><a class=\"wp-block-latest-posts__post-title\" href=\"https:\/\/anetapliszka.com\/index.php\/2024\/03\/15\/marek-sak\/\">Marek Sak<\/a><div class=\"wp-block-latest-posts__post-excerpt\">Linoryty Anety Pliszki to eksploduj\u0105ce \u015bwiat\u0142em \u017cycie. Inspiracj\u0105 jest przyroda a u\u015bci\u015blaj\u0105c, klimaty&nbsp; magicznego Arboretum w Bolestraszycach. Misterne obrazy nie&nbsp; s\u0105 jednak bezpo\u015brednim, \u017cywym zapisem zjawisk. Powstaj\u0105 ze szkic\u00f3w, kt\u00f3rymi s\u0105 kadry z\u0142apane podczas spacer\u00f3w obiektywem jej Nikona. Doskona\u0142\u0105 decyzj\u0105 jest realizacja tematu w technice linorytu.&nbsp; Autorka precyzyjnie, punktowo tnie p\u0142aszczyzny linoleum, by nast\u0119pnie, tak\u2026 <a class=\"wp-block-latest-posts__read-more\" href=\"https:\/\/anetapliszka.com\/index.php\/2024\/03\/15\/marek-sak\/\" rel=\"noopener noreferrer\">Dowiedz si\u0119 wi\u0119cej<span class=\"screen-reader-text\">: Marek Sak<\/span><\/a><\/div><\/li>\n<li><a class=\"wp-block-latest-posts__post-title\" href=\"https:\/\/anetapliszka.com\/index.php\/2024\/03\/15\/stanislawa-zacharko-lagowska\/\">Stanis\u0142awa Zacharko- \u0141agowska<\/a><div class=\"wp-block-latest-posts__post-excerpt\">FOTOGRAFIA I LINORYT \u2013 te dwie techniki plastyczne s\u0142u\u017c\u0105 Anecie Pliszce, znakomitej i niezwykle pracowitej artystce graficzce, do identyfikowania, definiowania i utrwalania w\u0142asnych emocji i dozna\u0144 prze\u017cytych w kontakcie z pi\u0119knem natury. Bazowe, fotograficzne notatki utrwalaj\u0105 magi\u0119 chwili, ulotno\u015b\u0107 b\u0119d\u0105cego w ci\u0105g\u0142ym ruchu uk\u0142adu \u017ad\u017abe\u0142, \u0142odyg, wij\u0105cych si\u0119 pn\u0105czy, prze\u015bwietlonych \u015bwiat\u0142em li\u015bci i p\u0142atk\u00f3w kwiat\u00f3w;\u2026 <a class=\"wp-block-latest-posts__read-more\" href=\"https:\/\/anetapliszka.com\/index.php\/2024\/03\/15\/stanislawa-zacharko-lagowska\/\" rel=\"noopener noreferrer\">Dowiedz si\u0119 wi\u0119cej<span class=\"screen-reader-text\">: Stanis\u0142awa Zacharko- \u0141agowska<\/span><\/a><\/div><\/li>\n<\/ul>","protected":false},"excerpt":{"rendered":"","protected":false},"author":1,"featured_media":0,"parent":0,"menu_order":0,"comment_status":"closed","ping_status":"closed","template":"","meta":{"footnotes":""},"class_list":["post-212","page","type-page","status-publish","hentry"],"_links":{"self":[{"href":"https:\/\/anetapliszka.com\/index.php\/wp-json\/wp\/v2\/pages\/212","targetHints":{"allow":["GET"]}}],"collection":[{"href":"https:\/\/anetapliszka.com\/index.php\/wp-json\/wp\/v2\/pages"}],"about":[{"href":"https:\/\/anetapliszka.com\/index.php\/wp-json\/wp\/v2\/types\/page"}],"author":[{"embeddable":true,"href":"https:\/\/anetapliszka.com\/index.php\/wp-json\/wp\/v2\/users\/1"}],"replies":[{"embeddable":true,"href":"https:\/\/anetapliszka.com\/index.php\/wp-json\/wp\/v2\/comments?post=212"}],"version-history":[{"count":6,"href":"https:\/\/anetapliszka.com\/index.php\/wp-json\/wp\/v2\/pages\/212\/revisions"}],"predecessor-version":[{"id":348,"href":"https:\/\/anetapliszka.com\/index.php\/wp-json\/wp\/v2\/pages\/212\/revisions\/348"}],"wp:attachment":[{"href":"https:\/\/anetapliszka.com\/index.php\/wp-json\/wp\/v2\/media?parent=212"}],"curies":[{"name":"wp","href":"https:\/\/api.w.org\/{rel}","templated":true}]}}